{"id":326777,"date":"2024-05-01T09:52:30","date_gmt":"2024-05-01T09:52:30","guid":{"rendered":"https:\/\/cidr.iisc.ac.in\/amit\/?page_id=326777"},"modified":"2024-06-10T00:13:02","modified_gmt":"2024-06-10T00:13:02","slug":"lab-alumni","status":"publish","type":"page","link":"https:\/\/cidr.iisc.ac.in\/amit\/lab-alumni\/","title":{"rendered":"Lab Alumni"},"content":{"rendered":"<p>[et_pb_section fb_built=&#8221;1&#8243; _builder_version=&#8221;4.25.1&#8243; _module_preset=&#8221;default&#8221; background_size=&#8221;contain&#8221; background_repeat=&#8221;repeat-y&#8221; hover_enabled=&#8221;0&#8243; global_colors_info=&#8221;{}&#8221; background_enable_image=&#8221;off&#8221; sticky_enabled=&#8221;0&#8243;][et_pb_row _builder_version=&#8221;4.24.3&#8243; _module_preset=&#8221;default&#8221; global_colors_info=&#8221;{}&#8221;][et_pb_column type=&#8221;4_4&#8243; _builder_version=&#8221;4.24.3&#8243; _module_preset=&#8221;default&#8221; global_colors_info=&#8221;{}&#8221;][et_pb_post_title title=&#8221;off&#8221; meta=&#8221;off&#8221; featured_image=&#8221;off&#8221; _builder_version=&#8221;4.24.3&#8243; _module_preset=&#8221;default&#8221; title_font_size=&#8221;36px&#8221; global_colors_info=&#8221;{}&#8221;][\/et_pb_post_title][et_pb_text _builder_version=&#8221;4.24.3&#8243; _module_preset=&#8221;default&#8221; global_colors_info=&#8221;{}&#8221;]<\/p>\n<h1>Lab Alumni<\/h1>\n<ol>\n<li>Dr. Parijat Bandyopadhyay, Post-Doctoral Fellow, Jim Collins Lab, Synthetic Biology Center, Massachusetts Institute of Technology, Cambridge, USA<\/li>\n<li>Dr. Somnath Shee, Postdoctoral Fellow, The John Hopkins University, School of Medicine, Balitmore, USA<\/li>\n<li>Dr. Virender Kumar Pal, Bieniasz Lab, Rockfeller University, New York, USA<\/li>\n<li>Dr. Shalini Singh, Postdoctoral Fellow, The Wistar Institute, Philadelphia, USA<\/li>\n<li>Dr. Ashutosh Tripathi, Postdoctoral Fellow, Department of Global Health, University of Washington, Seattle,<span> <\/span>USA<\/li>\n<li>Dr. Richa Mishra, Postdoctoral Fellow, Laboratory of Microbiology and Microsystems, \u00c9cole Polytechnique F\u00e9d\u00e9rale de Lausanne (EPFL), Lausanne, Switzerland\u00a0<\/li>\n<li>Dr. Samsher Singh, Research Fellow, Lee Kong Chian School of Medicine, Nanyang Technological University, Singapore<\/li>\n<li>Dr. Kushi, Assistant professor, Kristu Jayanti College, Bengaluru.<\/li>\n<li>Dr. Sakshi Kholi, Research manager, Putnam, New Delhi, India.<\/li>\n<li>Dr. Mansi Mehta, Associate Manager, IQVIA, Bengaluru<\/li>\n<li>Dr. Saurabh Mishra, Post-Doctoral Associate, Prof. Carl Nathan Lab, Dept of Microbiology and Immunology, Weill Cornell Medicine<\/li>\n<li>Dr. Mohamed Husen Munshi, Research Fellow, National Cancer Institute, Baltimore, USA<\/li>\n<li>Dr. Manbeena Chawla, Exceutive editor, Biospectrum, Bengaluru<\/li>\n<li>Dr. Sathya Narayanan N, Associate Research Scientist, Columbia University, New York, USA.<\/li>\n<li>Dr. Pankti Parikh, VAP Secretariat National Biopharma Mission, BIRAC, DBT, New Delhi.<\/li>\n<li>Dr. Ashima Bhaskar, Research Scientist, ICGEB, New Delhi<\/li>\n<\/ol>\n<p style=\"font-weight: 400;\">[\/et_pb_text][\/et_pb_column][\/et_pb_row][\/et_pb_section]<\/p>\n","protected":false},"excerpt":{"rendered":"<p>Lab Alumni Dr. Parijat Bandyopadhyay, Post-Doctoral Fellow, Jim Collins Lab, Synthetic Biology Center, Massachusetts Institute of Technology, Cambridge, USA Dr. Somnath Shee, Postdoctoral Fellow, The John Hopkins University, School of Medicine, Balitmore, USA Dr. Virender Kumar Pal, Bieniasz Lab, Rockfeller University, New York, USA Dr. Shalini Singh, Postdoctoral Fellow, The Wistar Institute, Philadelphia, USA Dr. [&hellip;]<\/p>\n","protected":false},"author":1,"featured_media":0,"parent":0,"menu_order":0,"comment_status":"closed","ping_status":"closed","template":"","meta":{"_et_pb_use_builder":"on","_et_pb_old_content":"","_et_gb_content_width":""},"_links":{"self":[{"href":"https:\/\/cidr.iisc.ac.in\/amit\/wp-json\/wp\/v2\/pages\/326777"}],"collection":[{"href":"https:\/\/cidr.iisc.ac.in\/amit\/wp-json\/wp\/v2\/pages"}],"about":[{"href":"https:\/\/cidr.iisc.ac.in\/amit\/wp-json\/wp\/v2\/types\/page"}],"author":[{"embeddable":true,"href":"https:\/\/cidr.iisc.ac.in\/amit\/wp-json\/wp\/v2\/users\/1"}],"replies":[{"embeddable":true,"href":"https:\/\/cidr.iisc.ac.in\/amit\/wp-json\/wp\/v2\/comments?post=326777"}],"version-history":[{"count":10,"href":"https:\/\/cidr.iisc.ac.in\/amit\/wp-json\/wp\/v2\/pages\/326777\/revisions"}],"predecessor-version":[{"id":987509606,"href":"https:\/\/cidr.iisc.ac.in\/amit\/wp-json\/wp\/v2\/pages\/326777\/revisions\/987509606"}],"wp:attachment":[{"href":"https:\/\/cidr.iisc.ac.in\/amit\/wp-json\/wp\/v2\/media?parent=326777"}],"curies":[{"name":"wp","href":"https:\/\/api.w.org\/{rel}","templated":true}]}}